base 16, what is c7cab8 - -5?
c7cabd
In base 14, what is -552abb + 31?
-552a8a
In base 11, what is -44 + 14455?
14411
In base 7, what is 4416126 - 41?
4416055
In base 5, what is -110434200 + 24?
-110434121
In base 8, what is 22 + 53421420?
53421442
In base 10, what is 1366696 + -11?
1366685
In base 3, what is 201022111001012 + -11?
201022111001001
In base 7, what is -5643 + 52125?
43152
In base 12, what is -2b027 - -17?
-2b010
In base 7, what is 512 + -1364466?
-1363654
In base 8, what is -105 + 670146?
670041
In base 15, what is -330e + 298?
-3066
In base 16, what is -26 + -2f4ab?
-2f4d1
In base 14, what is -18 - -1abbab5?
1abba9b
In base 14, what is 58 + 8876?
88d0
In base 4, what is -32 + -1213102122?
-1213102220
In base 3, what is 10 + -12012011001022012?
-12012011001022002
In base 11, what is -344 - -8a872?
8a529
In base 8, what is 436210677 - 5?
436210672
In base 13, what is 104 + 165558?
16565c
In base 13, what is ba5 - 664?
541
In base 15, what is -2e8 - 26e39?
-27232
In base 13, what is 10b53873 + 0?
10b53873
In base 11, what is 160900 + -69?
160842
In base 6, what is -110243 - 2222?
-112505
In base 12, what is 306 - -5041?
5347
In base 11, what is -83 + -1365641?
-1365714
In base 8, what is 3 + 1036743014?
1036743017
In base 3, what is 122211 + -1102120111?
-1101220200
In base 16, what is 17bde30 + -3?
17bde2d
In base 6, what is -2324015213 - 2?
-2324015215
In base 15, what is -7a0302 + -2?
-7a0304
In base 3, what is 10012102 - -1220?
10021022
In base 16, what is 5592ef - 4?
5592eb
In base 16, what is -5 + 34210f?
34210a
In base 12, what is 3b9633b - -4?
3b96343
In base 10, what is 450 - 1620?
-1170
In base 2, what is 1011100001010011 - -1110110011010?
1101010111101101
In base 9, what is -28634452 + 4?
-28634447
In base 10, what is -29783 + 6055?
-23728
In base 9, what is -3053 - 701?
-3754
In base 10, what is -7 - -70349944?
70349937
In base 4, what is -10020130 - 103003?
-10123133
In base 4, what is 20203132310 - 112?
20203132132
In base 11, what is -2331 - -289?
-2053
In base 6, what is 124431 - 524310?
-355435
In base 12, what is -12467aa9 + -4?
-12467ab1
In base 14, what is 18 + -504b40?
-504b26
In base 2, what is 10 + -110110111111010010001100001?
-110110111111010010001011111
In base 14, what is -c137 - -2d1?
-bc46
In base 15, what is 5 + -1165138?
-1165133
In base 16, what is 1a74c + -4c?
1a700
In base 11, what is 4462 + 4019?
8480
In base 4, what is 1203123 + -11120?
1132003
In base 5, what is 30144244043 - -3?
30144244101
In base 9, what is -20 - -2630418?
2630388
In base 3, what is -2002111100 + 1121120?
-2000212210
In base 15, what is 8d245 - d8?
8d15c
In base 12, what is 11562 + 3b1?
11953
In base 6, what is -1020 - -202105454?
202104434
In base 14, what is 286 + 73bdd?
74085
In base 13, what is 1b4 + -6c11b?
-6bc37
In base 2, what is 101000000000 - -100000101?
101100000101
In base 3, what is 10 + 1101022201222122?
1101022201222202
In base 6, what is -2 + 1305512210?
1305512204
In base 14, what is -44 - 6b9ac?
-6ba12
In base 16, what is 3 - c11226?
-c11223
In base 14, what is -6 + -2b2951?
-2b2957
In base 14, what is -5546b4 - 17c?
-554852
In base 7, what is 10223406003 + -2?
10223406001
In base 14, what is 6b6 - -30c5b?
31533
In base 5, what is 3341204431 + -4?
3341204422
In base 3, what is 11010 - 111121212100?
-111121201020
In base 12, what is -18 + -361a93?
-361aab
In base 11, what is 21711a - 244?
216986
In base 13, what is 1383c5a - 3?
1383c57
In base 8, what is 1000213366 + -4?
1000213362
In base 2, what is 1000100100000111 + 101100001?
1000101001101000
In base 4, what is 101303000121013 + 3?
101303000121022
In base 9, what is 3818 + -14303?
-10374
In base 14, what is 1c2 + -128563?
-128381
In base 16, what is 70 - -ed9f?
ee0f
In base 5, what is 1020 + 21412201?
21413221
In base 8, what is -65456620 - -3?
-65456615
In base 4, what is 102232200010 - 1100?
102232132310
In base 11, what is 16896894 + -2?
16896892
In base 7, what is -202 - 42066236?
-42066441
In base 4, what is 10313 - 213221032?
-213210113
In base 11, what is 7 - 264288?
-264281
In base 15, what is -16a + 20342?
201c7
In base 7, what is -6 + 31000530?
31000521
In base 16, what is -f90 + 1ed5?
f45
In base 12, what is 9187b87 + -4?
9187b83
In base 6, what is 133402505 + 120?
133403025
In base 5, what is 11340302004 - 4?
11340302000
In base 2, what is 101011 + -1011000101100110001111?
-1011000101100101100100
In base 6, what is -4 - 524500121?
-524500125
In base 11, what is 667a - 391?
6299
In base 13, what is 966b70 + -2?
966b6b
In base 2, what is -1 + -110111101111000010011100?
-110111101111000010011101
In base 9, what is -43415 - -1588?
-41716
In base 2, what is 110111 - -11010010111000010?
11010010111111001
In base 3, what is 211100121000 - 11?
211100120212
In base 6, what is -221014 - -20001?
-201013
In base 11, what is a + 2a6491?
2a64a0
In base 6, what is -420 + 154443132?
154442312
In base 2, what is 101010101000101001 - 110110000000?
101001110010101001
In base 5, what is -304202 + 1132201?
322444
In base 10, what is -9095 + 87?
-9008
In base 15, what is -2 + 3a534b?
3a5349
In base 8, what is 43 - -11706367?
11706432
In base 7, what is 111 - 440156?
-440045
In base 14, what is 41 - 14c503?
-14c4a2
In base 6, what is -155311114514 + -1?
-155311114515
In base 7, what is -61203540 + -25?
-61203565
In base 3, what is -120020000102 - 1020?
-120020001122
In base 13, what is 180c + 5726?
7235
In base 10, what is 1 - -9632498?
9632499
In base 10, what is -23507 - -23247?
-260
In base 4, what is 200211300 + 132?
200212032
In base 11, what is 9 + -208a13?
-208a05
In base 13, what is -5 + 949269?
949264
In base 2, what is 111010100001010100 - -100111010?
111010100110001110
In base 16, what is 4aaf943a - -5?
4aaf943f
In base 11, what is 479 - 2a008?
-2963a
In base 7, what is -246144430 - 16?
-246144446
In base 11, what is 2 - -701128?
70112a
In base 15, what is -132 - -315ae?
3147c
In base 12, what is -696517 + -52?
-696569
In base 11, what is -456464 + 1482?
-454a92
In base 12, what is -2120 - a1a?
-2b3a
In base 14, what is -305c28 - -6b?
-305b9b
In base 11, what is 93998 + -3965?
90033
In base 10, what is -4 - -157607337?
157607333
In base 3, what is 10210001 + -1012101211?
-1001121210
In base 16, what is -29 - -6aff0?
6afc7
In base 11, what is 93302 - a?
932a3
In base 11, what is -9 - -19424a0?
1942492
In base 7, what is -301114201 + 22?
-301114146
In base 14, what is 6108b + -244?
60c47
In base 2, what is -111110001000101 + 1111101110001?
-101110011010100
In base 6, what is 4 - -523512421?
523512425
In base 14, what is -3166 + -3c0?
-3546
In base 16, what is -1cb544 + -304?
-1cb848
In base 4, what is -11012231 + -332122?
-12011013
In base 8, what is -72760 - 31?
-73011
In base 10, what is 5 + 76218611?
76218616
In base 10, what is 241237 + -62?
241175
In base 7, what is 42336 + 634?
43303
In base 4, what is -211231003 - -212113?
-211012230
In base 8, what is 43136 + 116?
43254
In base 10, what is -2 - 33181?
-33183
In base 10, what is 451 - -288471?
288922
In base 3, what is 12212110012022 - 10?
12212110012012
In base 8, what is 65 + 303423?
303510
In base 2, what is -111110011010001110001 + -1100100?
-111110011010011010101
In base 12, what is 19407 - 4275?
15152
In base 2, what is 111000000111100101 + -100100010?
111000000011000011
In base 4, what is -110332 - -212221?
101223
In base 3, what is -202002011112 - 2012?
-202002020201
In base 5, what is -22404 + -3010032?
-3032441
In base 12, what is 1 - -3a9a240?
3a9a241
In base 9, what is 5812317 + 1?
5812318
In base 9, what is 404 - -1053681?
1054185
In base 15, what is -7 + -9266aa?
-9266b2
In base 15, what is 180b2 + 11?
180c3
In base 5, what is -10 - 1214130134?
-1214130144
In base 9, what is -221553655 + -3?
-221553658
In base 10, what is -3 - 47862770?
-47862773
In base 11, what is -19298245 + 19?
-19298227
In base 2, what is -100101111011011101010111 + 10?
-100101111011011101010101
In base 14, what is -12 + -c7d89?
-c7d9b
In base 3, what is 111110110001020 + -10?
111110110001010
In base 16, what is 242 - 199c?
-175a
In base 14, what is -2 - 142732?
-142734
In base 7, what is -2414 + -22164?
-24611
In base 16, what is -18ea58 + -7?
-18ea5f
In base 6, what is 541213 + -122340?
414433
In base 13, w